he prime factors of i?
2, 3, 23
Let d be 44/(-110)*((-30)/(-1) - 0). List the prime factors of -262*(-3)/d*-2.
131
Let r be (0 - 14) + 33 + -24. What are the prime factors of r + (2 - 1)*(246 - -21)?
2, 131
List the prime factors of (15 - 15)/9 + 172.
2, 43
Let u = 311 - 308. Suppose 377 = u*x - h, 0 = 20*h - 17*h + 15. List the prime factors of x.
2, 31
Let y be ((-488)/(-6))/(8/108). Let w = y + -622. List the prime factors of w.
2, 7, 17
Suppose 131 = 4*i + 4*l - 3725, -4796 = -5*i + l. Suppose 0 = 2*x - 2*y - 3*y - 506, -4*x - 3*y + i = 0. What are the prime factors of x?
3
Let i(f) be the second derivative of f**5/120 + 9*f**4/8 + f**3/3 + 9*f. Let x(o) be the second derivative of i(o). List the prime factors of x(-16).
11
Let z be (50 - 2)/6*7. Suppose y = -3*y - 3*f + z, 0 = 2*y + 5*f - 42. List the prime factors of y.
11
Let i be 10*3/((-42)/(-7)). Suppose -12 + 93 = 2*s - i*u, -s - 3*u + 46 = 0. What are the prime factors of s?
43
Let i = -161 - -771. Suppose 0 = -j - 2, 2*j + 3*j = 5*t - i. What are the prime factors of t?
2, 3, 5
Let w be (-2)/10 + (-282)/(-10). Let n be (14/w)/((-1)/144). Let g = 253 + n. List the prime factors of g.
181
Let a be (-4)/(-56)*-2 - 11544/42. Let b = a + 477. List the prime factors of b.
2, 101
Let d(i) = i**3 + 25*i**2 + 20*i + 20. Let r be d(-22). Let w = -734 + r. What are the prime factors of w?
2, 149
Let l be -1 + 10/(1 + 4). What are the prime factors of ((-601)/2)/(l/(-2)) + 2?
3, 67
Let p = 35 - 35. Suppose p = u + o - 60, -2*u = -0*u + 5*o - 120. Suppose -2*m + 34 = -u. List the prime factors of m.
47
List the prime factors of ((-14939316)/980)/((-6)/20).
2, 3, 941
Let q(z) = -27*z - 43. Suppose 37 = -h - 4*c + 6, -h + 3*c - 31 = 0. What are the prime factors of q(h)?
2, 397
Let w = -302 - -298. List the prime factors of (-865)/(-1 + 4 + w).
5, 173
Suppose -4*d = -c - 3328, 2*d = 3*d - 4*c - 832. Let w = d + -690. List the prime factors of w.
2, 71
What are the prime factors of 23757 + (-12 - (-17 - 9))?
11, 2161
Suppose 0 = -81*n + 82*n - 234. Let x be 1062/(-26) - 36/n. What are the prime factors of x*((-6)/(-3))/6*-3?
41
Let i = 55 + -52. Suppose -2*q + 3 + i = 0. Suppose 5*g - 135 = 5*o, -q*g + 67 + 14 = -5*o. What are the prime factors of g?
3
Let p be 15/24*-4*(-172)/5. Suppose -32 - p = -w. Let r = w - 11. List the prime factors of r.
107
Let v be (3 + -1)*(-9418)/(-68). Let y = 472 - v. What are the prime factors of y?
3, 5, 13
Suppose -2*d = -7*d - 80. Let k = -786 - -823. Let h = d + k. What are the prime factors of h?
3, 7
Let l(v) = 75*v**2 - v - 4. Let s be l(-2). Suppose 4*a + 5*b = 10*b + s, 4*b = -2*a + 136. List the prime factors of a.
2, 3
Let y(b) = 56*b**2 - 6*b - 5. Let r be y(-1). Suppose -56*j - 116 = -r*j. Suppose -4*z + 80 = 4*v, 5*v + 2*z = 5*z + j. What are the prime factors of v?
2, 11
Let j(o) = -96*o**3 - 656*o**2 - 4*o - 28. What are the prime factors of j(-9)?
2, 7, 43
Let s be 4 + -4 + 4 + -33. Let f(b) = -b**2 - 40*b - 70. What are the prime factors of f(s)?
3, 83
Suppose 3*p = 6*p + 12. Let b be (-45)/6*p/6. Suppose -42 = -u + q + 3*q, -b*u = q - 315. List the prime factors of u.
2, 31
Suppose -7*o + 1377 = -4*o. Let x = -62 + -263. Let l = o + x. List the prime factors of l.
2, 67
Suppose -4*s - 2*x = -4288, 344*x + 1074 = s + 345*x. List the prime factors of s.
2, 5, 107
Suppose 48*x - 1783830 = -131*x - 112*x. List the prime factors of x.
2, 5, 613
Suppose -3*v = 21, i - 882*v = -880*v + 18263. What are the prime factors of i?
3, 7, 11, 79
Suppose -3*g + 127 = -20. Suppose 6 = 2*h, 5*r - 5*h - g = 436. What are the prime factors of r?
2, 5
Let b = -255 - -269. Suppose -h = -4*v + 4552, -4*v + 19*h + 4552 = b*h. List the prime factors of v.
2, 569
Let i(t) = -6*t + 135. Let w be i(18). Suppose -211 = -w*q + 26*q. List the prime factors of q.
211
Suppose -9*m - 53 - 10 = 0. What are the prime factors of (-861)/(-4) + (28/16)/m?
5, 43
What are the prime factors of 753*(-111)/(-15) - 53/265?
2, 7, 199
Let r = 1 + 11. Suppose r*t - 3*t - 2106 = 0. Let f = t - 155. List the prime factors of f.
79
What are the prime factors of 164/(-1886) + (-665994)/(-69) + 3?
5, 1931
Let n = -94 - -114. Let v = 18 - n. List the prime factors of 86 - v - 3/(-3).
89
Let c(r) = -12*r + 61. Let g(j) = j**3 - 2*j**2 + 2*j - 1. Let u be g(1). Let v(t) = t**3 - t**2 + t - 8. Let k be v(u). What are the prime factors of c(k)?
157
Suppose 4*a - 7376 = l, -2*a + 4*l + 5532 = a. What are the prime factors of a?
2, 461
Suppose -5200*s = -5193*s - 4487. What are the prime factors of s?
641
Let i be (-19 - -17)*(-2)/(-8)*0. Suppose -2*j = -a + 116, i*a - 3*j + 211 = 2*a. List the prime factors of a.
2, 5, 11
Let p(l) = 2*l - 1. Let u(m) = 40*m + 132. Let n(c) = -24*p(c) + u(c). List the prime factors of n(-5).
2, 7
Suppose 6*l + 12*l - 33*l + 69690 = 0. What are the prime factors of l?
2, 23, 101
Let k = -47 + 51. Suppose -k*y + 2*y + 8 = 0. List the prime factors of (-3)/y - (-12798)/72.
3, 59
Let b(y) = 11*y - y + 39*y + 33*y - 18. List the prime factors of b(2).
2, 73
Let j(b) = 2*b**2 + 4*b + 254. What are the prime factors of j(47)?
2, 3, 5
Suppose 34566 = 17*k - 42665. List the prime factors of k.
7, 11, 59
Suppose -11*c - 144324 = 27*c. What are the prime factors of (-5)/(15/c) + 0/16?
2, 3, 211
Suppose 4*g + 12 - 4 = 0. Let d be ((-6)/(-9))/(g + (-1166)/(-582)). List the prime factors of (d/10)/((-4)/(-40)).
2, 97
Let q(b) = -b - 3. Let r(x) = 2*x + 306. Let j(p) = -5*q(p) + r(p). List the prime factors of j(17).
2, 5, 11
Let b(q) = 37*q - 9. Suppose 8*m + 47 = -1. Let s(d) = -75*d + 17. Let x(a) = m*s(a) - 11*b(a). What are the prime factors of x(1)?
2, 5
Let z(q) = -38*q - 18. Let j be z(3). List the prime factors of (-7961)/(-5) - j/165.
3, 59
Suppose -3*h - 5*a + 31440 = 0, -10491 = -5*h + 4*h + 2*a. List the prime factors of h.
3, 5, 233
Suppose -2*a - 6*p - 1650 = -8*p, 4*a + 3308 = -4*p. Let b = a + 1375. List the prime factors of b.
3, 61
Let o(a) = 10069*a**3 - 3*a**2 + 9*a - 6. List the prime factors of o(1).
10069
Suppose 6*k + 36 = 54. Suppose 6*i - 552 = k*i. Let n = i + -62. List the prime factors of n.
2, 61
What are the prime factors of (-4800)/(-18)*(16/4 + -1)?
2, 5
Let l(k) = -3*k**3 - 12*k**2 - 13*k - 3. Let s be l(-17). Suppose 17*p - s + 2870 = 0. List the prime factors of p.
3, 13
Suppose -440*z - 224520 = -455*z. List the prime factors of z.
2, 1871
Let o(h) = 20 - 20 + 2 + 9*h - 14 - 27*h. Suppose -t + 15 = -4*t + 2*q, 0 = t + 3*q + 5. List the prime factors of o(t).
2, 3, 13
Let b = -102 - -2609. List the prime factors of b.
23, 109
Let g(u) = u**3 + 4*u**2 + 69*u - 580. List the prime factors of g(11).
2, 997
Let j be 1546/12 - (2 + (-91)/42). Suppose -57 = -2*z + j. Suppose 0 = 4*v - 3*w - z, 5*v + 5*w - 80 = 45. List the prime factors of v.
2, 3
Let f(h) = -33*h - 3. Let d be f(1). List the prime factors of (-126*23)/(34 + d).
3, 7, 23
Suppose 3*x + 5*t = -23, -8 = -t - 3*t. Let u be -224 - x - (-1 + 0). List the prime factors of (u/(-8))/(2/4).
53
Suppose 0 = -4*q - y + 17566, 6*q - q = -3*y + 21968. What are the prime factors of q?
2, 5, 439
Let s(q) = 47*q - 22. Let w(f) = 15*f - 7. Let c(p) = 6*s(p) - 17*w(p). Let d be c(2). List the prime factors of 10/5*d + -1.
3
Suppose 3*w = 9*w + 12. Let r be 81 + w - (6 - 2). Let a = r + 78. What are the prime factors of a?
3, 17
Let x(p) = 2*p**3 - 14*p**2 - 12*p + 115. What are the prime factors of x(20)?
3, 5, 137
Let j be (-2)/(-19) - 14/133. Suppose -3*g - 4*h + 375 = j, -2*g + 6*g + 2*h = 490. What are the prime factors of g?
11
Suppose -3*h - 5*x + 39257 = 0, 12*h - 17*h + 5*x + 65335 = 0. What are the prime factors of h?
2, 3, 2179
Suppose -2*q - 8 = 202. Let i = 156 + q. List the prime factors of (i/(-17))/(2/(-66)).
3, 11
Let t = 69482 - 27825. What are the prime factors of t?
7, 11, 541
Let d(k) = -3*k**2 + 3*k + 1. Let u be d(2). Let y be 5/(15/(-3))*-4. What are the prime factors of (-957)/u + y/(-10)?
191
Let g = 36155 + -26171. List the prime factors of g.
2, 3, 13
Suppose -2*p = 5*i - 21, 3*p = 3*i + 6*p - 18. What are the prime factors of (i - 30/9) + 3076/3?
5, 41
What are the prime factors of (-17362)/(-14)*441/168*(-40)/(-15)?
8681
Suppose 5*w - 4 = -4*h, 4 - 16 = 4*h + w. List the prim